{"id":9,"date":"2025-01-13T19:07:01","date_gmt":"2025-01-13T18:07:01","guid":{"rendered":"http:\/\/mojaszansa.7cubes.pl\/?page_id=9"},"modified":"2025-10-09T14:47:10","modified_gmt":"2025-10-09T12:47:10","slug":"rekrutacja","status":"publish","type":"page","link":"http:\/\/mojaszansa.7cubes.pl\/?page_id=9","title":{"rendered":"REKRUTACJA"},"content":{"rendered":"\n<p>Rekrutacja Uczestnik\u00f3w\/-czek do projektu prowadzona b\u0119dzie w okresie 01-03.2025, na terenie RWS WM.<\/p>\n\n\n\n<p>Rekrutacja b\u0119dzie otwarta, bezpo\u015brednia, jawna, z uwzgl\u0119dnieniem zasady r\u00f3wno\u015bci szans i niedyskryminacji, r\u00f3wno\u015bci szans kobiet i m\u0119\u017cczyzn.<\/p>\n\n\n\n<p>Grup\u0119 docelow\u0105 stanowi 40 os\u00f3b (24K\/16M), kt\u00f3re s\u0105 zagro\u017cone ub\u00f3stwem lub wykluczeniem spo\u0142ecznym, pozostaj\u0105ce bez zatrudnienia, w tym osoby bierne zawodowo (12os.) i bezrobotne (28os.,w tym min.14os. bezrobotnych d\u0142ugotrwale).<\/p>\n\n\n\n<p><strong><u>Grupa docelowa<\/u><\/strong> to 40os. zagro\u017conych ub\u00f3stwem lub wykluczeniem spo\u0142ecznym, kt\u00f3re zamieszkuj\u0105 w rozumieniu Kodeksu Cywilnego na terenie RWS WM (tj.: Warszawa, powiat legionowski, powiat otwocki, powiat mi\u0144ski, powiat wo\u0142omi\u0144ski, powiat nowodworski, powiat grodziski, powiat piaseczy\u0144ski, powiat pruszkowski, powiat warszawski zachodni), w tym w szczeg\u00f3lno\u015bci:<\/p>\n\n\n\n<ul class=\"wp-block-list\">\n<li>Kobiety &#8211; min.60%&nbsp; (24os.),<\/li>\n\n\n\n<li>Osoby Niepe\u0142nosprawne &#8211; min. 10%&nbsp; (4os.),<\/li>\n\n\n\n<li>Osoby m\u0142ode &#8211; do 29 roku \u017cycia &#8211; min.25% (10os.),<\/li>\n\n\n\n<li>Osoby o&nbsp; niskich kwalifikacjach &#8211; do ISCED3 \u2013 ponadgimnazjalne (premiowane).<\/li>\n<\/ul>\n\n\n\n<p>W pierwszej kolejno\u015bci wspiera si\u0119 Uczestnik\u00f3w Projektu w najtrudniejszym po\u0142o\u017ceniu spo\u0142eczno-zawodowym.<\/p>\n\n\n\n<p><strong>Dokumenty rekrutacyjne:<\/strong><\/p>\n\n\n\n<ol style=\"list-style-type:upper-alpha\" class=\"wp-block-list\">\n<li>formularz rekrutacyjny,<\/li>\n\n\n\n<li>dokumenty potwierdzaj\u0105ce kwalifikowalno\u015b\u0107 Uczestnika\/-czki Projektu (bycie osob\u0105 zagro\u017con\u0105 ub\u00f3stwem lub wykluczeniem spo\u0142ecznym, w tym przynale\u017cno\u015b\u0107 do grup w najtrudniejszym po\u0142o\u017ceniu spo\u0142eczno-zawodowym,<\/li>\n\n\n\n<li>za\u015bwiadczenie\/o\u015bwiadczenie o zamieszkiwaniu na obszarze RWS WM<\/li>\n\n\n\n<li>za\u015bwiadczenie z PUP\/ZUS\/potwierdzenie wygenerowane z PUE ZUS<\/li>\n\n\n\n<li>ON-orzeczenie\/inny dokument potwierdzaj\u0105cy stan zdrowia(je\u015bli dot.)<\/li>\n\n\n\n<li>O\u015bwiadczanie o dochodach w gospodarstwie domowym na udost\u0119pnionym wzorze<\/li>\n\n\n\n<li>O\u015bwiadczenie Uczestnika\/-czki Projektu, \u017ce nie otrzymuje jednocze\u015bnie wsparcia w wi\u0119cej ni\u017c jednym projekcie z zakresu aktywizacji spo\u0142eczno\u2013zawodowej dofinansowanej z EFS+<\/li>\n<\/ol>\n\n\n\n<p class=\"has-text-align-center\"><strong>Etap 1: <\/strong><\/p>\n\n\n\n<p>Po z\u0142o\u017ceniu dokument\u00f3w zostanie oceniona ich kompletno\u015b\u0107 dokument\u00f3w<br>i kwalifikowalno\u015b\u0107-spe\u0142nienie kryteri\u00f3w grupy docelowej (spe\u0142nia\/nie spe\u0142nia).<\/p>\n\n\n\n<p class=\"has-text-align-center\"><strong>Etap 2: <\/strong><\/p>\n\n\n\n<p>Ocena merytoryczna(max.35pkt.)<\/p>\n\n\n\n<p><strong>1<\/strong>) osoby zaliczane do grupy pierwsze\u0144stwa &#8211; pkt:10 [dok. z pkt.B]<\/p>\n\n\n\n<ol class=\"wp-block-list\">\n<li><\/li>\n<\/ol>\n\n\n\n<p>I.&nbsp;&nbsp;&nbsp;&nbsp;&nbsp;&nbsp;&nbsp;&nbsp;&nbsp; Do\u015bwiadczaj\u0105ce wielokrotnego wykluczenia spo\u0142ecznego,<br>II.&nbsp;&nbsp;&nbsp;&nbsp;&nbsp;&nbsp;&nbsp;&nbsp; O znacznym lub umiarkowanym stopniu niepe\u0142nosprawno\u015bci,<br>III.&nbsp;&nbsp;&nbsp;&nbsp;&nbsp;&nbsp;&nbsp; Z niepe\u0142nosprawno\u015bci\u0105 sprz\u0119\u017con\u0105, osoby z chorobami psychicznymi, osoby&nbsp;<br>z niepe\u0142nosprawno\u015bci\u0105 intelektualn\u0105 i osoby z ca\u0142o\u015bciowymi zaburzeniami rozwojowymi;<br>IV.&nbsp;&nbsp;&nbsp;&nbsp;&nbsp;&nbsp;&nbsp; Korzystaj\u0105ce z programu FE P\u017b;<br>V.&nbsp;&nbsp;&nbsp;&nbsp;&nbsp;&nbsp;&nbsp;&nbsp; Opuszczaj\u0105ce plac\u00f3wki opieki instytucjonalnej;<br>VI.&nbsp;&nbsp;&nbsp;&nbsp;&nbsp;&nbsp;&nbsp; Wykluczone komunikacyjnie,<br>VII.&nbsp;&nbsp;&nbsp;&nbsp;&nbsp;&nbsp; Osoby, kt\u00f3re opu\u015bci\u0142y jednostki penitencjarne w terminie ostatnich 12m-cy.<\/p>\n\n\n\n<p><strong>2)<\/strong> Kobiety &#8211; pkt.2 [dok. z pkt. A]<\/p>\n\n\n\n<p><strong>3)<\/strong> osoby do\u015bwiadczaj\u0105ce ub\u00f3stwa- pkt.4 [dok. z pkt. F]<\/p>\n\n\n\n<p><strong>4) <\/strong>osoby do 29 roku \u017cycia- pkt.5 [dok. z pkt. A]<\/p>\n\n\n\n<p><strong>5)<\/strong> osoby bierne zawodowo &#8211; pkt.4, d\u0142ugotrwale bezrobotne-pkt.2 [dok. z pkt D]<\/p>\n\n\n\n<p>Komisja stworzy wst\u0119pn\u0105 list\u0119 rankingow\u0105, kandydaci poinformowani zostan\u0105 o wynikach telefonicznie\/mailowo.<\/p>\n\n\n\n<p>Istnieje mo\u017cliwo\u015b\u0107 odwo\u0142ania si\u0119 &#8211; pisemnie, w ci\u0105gu 5dni od otrzymania wynik\u00f3w.<\/p>\n\n\n\n<p>Ostateczna lista Uczestnik\u00f3w\/-czek Projektu obejmowa\u0107 b\u0119dzie 20os.\/tur\u0119 z najwy\u017csz\u0105 liczb\u0105 pkt.+ lista rezerw.- 2os., z kt\u00f3rej kwalifikowane b\u0119d\u0105 osoby w przypadku rezygnacji Uczestnik\u00f3w\/-czek Projektu do czasu zrealizowania 20% zaj\u0119\u0107 pierwszego zadania grupowego.<\/p>\n\n\n\n<p>W przypadku r\u00f3wnej liczby pkt. decyduje:<br>1-przynale\u017cno\u015b\u0107 do grup pierwsze\u0144stwa,<br>2-pozostawanie bez zatrudnienia,<br>3-kolejno\u015b\u0107 zg\u0142osze\u0144.<\/p>\n\n\n\n<p>Nab\u00f3r do I tury rozpocznie si\u0119 20.01.2025 r., a zako\u0144czy nie wcze\u015bniej ni\u017c 31.01.2025 r. natomiast II tura 03.02.2025 r. a zako\u0144czy nie wcze\u015bniej ni\u017c 14.02.2025 r.<\/p>\n\n\n\n<div class=\"wp-block-file\"><a id=\"wp-block-file--media-55721f0c-8cd6-4afd-b423-a6e88153e106\" href=\"https:\/\/mojaszansa.7cubes.pl\/wp-content\/uploads\/2025\/04\/Regulamin-projektu-Moja-szansa-na-zatrudnienie-03EP.pdf\">Regulamin projektu &#8211; Moja szansa na zatrudnienie 03EP<\/a><a href=\"https:\/\/mojaszansa.7cubes.pl\/wp-content\/uploads\/2025\/04\/Regulamin-projektu-Moja-szansa-na-zatrudnienie-03EP.pdf\" class=\"wp-block-file__button wp-element-button\" download aria-describedby=\"wp-block-file--media-55721f0c-8cd6-4afd-b423-a6e88153e106\">Pobierz<\/a><\/div>\n\n\n\n<div class=\"wp-block-file\"><a id=\"wp-block-file--media-3f85acb9-c0c1-4223-b437-38cbcf936c8b\" href=\"http:\/\/mojaszansa.7cubes.pl\/wp-content\/uploads\/2025\/02\/Zal.-nr-2-do-Regulaminu-Kwestionariusz-zgloszeniowy-MSNZ.pdf\">Za\u0142. nr 2 do Regulaminu &#8211; Kwestionariusz zg\u0142oszeniowy MSNZ<\/a><a href=\"http:\/\/mojaszansa.7cubes.pl\/wp-content\/uploads\/2025\/02\/Zal.-nr-2-do-Regulaminu-Kwestionariusz-zgloszeniowy-MSNZ.pdf\" class=\"wp-block-file__button wp-element-button\" download aria-describedby=\"wp-block-file--media-3f85acb9-c0c1-4223-b437-38cbcf936c8b\">Pobierz<\/a><\/div>\n\n\n\n<div class=\"wp-block-file\"><a id=\"wp-block-file--media-3c8f47c7-0fcc-4331-bd25-c3a08615b70e\" href=\"https:\/\/mojaszansa.7cubes.pl\/wp-content\/uploads\/2025\/01\/Zal.-nr-1-do-Kwestionariusza-zgloszeniowego-Ankieta-dla-OzN-Moja-szansa-na-zatrudnienie.pdf\">Za\u0142. nr 1 do Kwestionariusza zg\u0142oszeniowego &#8211; Ankieta dla OzN Moja szansa na zatrudnienie<\/a><a href=\"https:\/\/mojaszansa.7cubes.pl\/wp-content\/uploads\/2025\/01\/Zal.-nr-1-do-Kwestionariusza-zgloszeniowego-Ankieta-dla-OzN-Moja-szansa-na-zatrudnienie.pdf\" class=\"wp-block-file__button wp-element-button\" download aria-describedby=\"wp-block-file--media-3c8f47c7-0fcc-4331-bd25-c3a08615b70e\">Pobierz<\/a><\/div>\n\n\n\n<div class=\"wp-block-file\"><a id=\"wp-block-file--media-dc60b97e-63bc-4902-b0d3-09fcd0f59f1a\" href=\"https:\/\/mojaszansa.7cubes.pl\/wp-content\/uploads\/2025\/01\/Zal.-nr-2-do-Kwestionariusza-zgloszeniowego-Oswiadczenie-o-statusie-osoby-wykluczonej-spolecznie.pdf\">Za\u0142. nr 2 do Kwestionariusza zg\u0142oszeniowego &#8211; O\u015bwiadczenie o statusie osoby wykluczonej spo\u0142ecznie<\/a><a href=\"https:\/\/mojaszansa.7cubes.pl\/wp-content\/uploads\/2025\/01\/Zal.-nr-2-do-Kwestionariusza-zgloszeniowego-Oswiadczenie-o-statusie-osoby-wykluczonej-spolecznie.pdf\" class=\"wp-block-file__button wp-element-button\" download aria-describedby=\"wp-block-file--media-dc60b97e-63bc-4902-b0d3-09fcd0f59f1a\">Pobierz<\/a><\/div>\n\n\n\n<div class=\"wp-block-file\"><a id=\"wp-block-file--media-470a36ce-90f3-4a76-b7c1-7216d9ac751a\" href=\"https:\/\/mojaszansa.7cubes.pl\/wp-content\/uploads\/2025\/04\/Umowa-Uczestnictwa-Moja-szansa-na-zatrudnienie.pdf\">Umowa Uczestnictwa &#8211; Moja szansa na zatrudnienie<\/a><a href=\"https:\/\/mojaszansa.7cubes.pl\/wp-content\/uploads\/2025\/04\/Umowa-Uczestnictwa-Moja-szansa-na-zatrudnienie.pdf\" class=\"wp-block-file__button wp-element-button\" download aria-describedby=\"wp-block-file--media-470a36ce-90f3-4a76-b7c1-7216d9ac751a\">Pobierz<\/a><\/div>\n\n\n\n<div data-wp-interactive=\"core\/file\" class=\"wp-block-file\"><object data-wp-bind--hidden=\"!state.hasPdfPreview\" hidden class=\"wp-block-file__embed\" data=\"http:\/\/mojaszansa.7cubes.pl\/wp-content\/uploads\/2025\/08\/Regulamin-projektu-Moja-szansa-na-zatrudnienie-01.06.2025.pdf\" type=\"application\/pdf\" style=\"width:100%;height:600px\" aria-label=\"Embed of Regulamin projektu - Moja szansa na zatrudnienie 01.06.2025.\"><\/object><a id=\"wp-block-file--media-000fa206-dad6-4f7c-a95a-28adc87b4b18\" href=\"http:\/\/mojaszansa.7cubes.pl\/wp-content\/uploads\/2025\/08\/Regulamin-projektu-Moja-szansa-na-zatrudnienie-01.06.2025.pdf\">Regulamin projektu &#8211; Moja szansa na zatrudnienie 01.06.2025<\/a><a href=\"http:\/\/mojaszansa.7cubes.pl\/wp-content\/uploads\/2025\/08\/Regulamin-projektu-Moja-szansa-na-zatrudnienie-01.06.2025.pdf\" class=\"wp-block-file__button wp-element-button\" download aria-describedby=\"wp-block-file--media-000fa206-dad6-4f7c-a95a-28adc87b4b18\">Pobierz<\/a><\/div>\n\n\n\n<div data-wp-interactive=\"core\/file\" class=\"wp-block-file\"><object data-wp-bind--hidden=\"!state.hasPdfPreview\" hidden class=\"wp-block-file__embed\" data=\"http:\/\/mojaszansa.7cubes.pl\/wp-content\/uploads\/2025\/10\/Regulamin-projektu-Moja-szansa-na-zatrudnienie-01.08.2025.pdf\" type=\"application\/pdf\" style=\"width:100%;height:600px\" aria-label=\"Embed of Regulamin projektu - Moja szansa na zatrudnienie 01.08.2025.\"><\/object><a id=\"wp-block-file--media-47e1bec2-8c85-4669-8d5d-969338eed0cb\" href=\"http:\/\/mojaszansa.7cubes.pl\/wp-content\/uploads\/2025\/10\/Regulamin-projektu-Moja-szansa-na-zatrudnienie-01.08.2025.pdf\">Regulamin projektu &#8211; Moja szansa na zatrudnienie 01.08.2025<\/a><a href=\"http:\/\/mojaszansa.7cubes.pl\/wp-content\/uploads\/2025\/10\/Regulamin-projektu-Moja-szansa-na-zatrudnienie-01.08.2025.pdf\" class=\"wp-block-file__button wp-element-button\" download aria-describedby=\"wp-block-file--media-47e1bec2-8c85-4669-8d5d-969338eed0cb\">Pobierz<\/a><\/div>\n\n\n\n<p><strong>Obszar realizacji projektu:<\/strong><\/p>\n\n\n\n<p>woj. mazowieckie, Warszawa<br>woj. mazowieckie, powiat legionowski<br>woj. mazowieckie, powiat otwocki<br>woj. mazowieckie, powiat mi\u0144ski<br>woj. mazowieckie, powiat wo\u0142omi\u0144ski<br>woj. mazowieckie, powiat nowodworski<br>woj. mazowieckie, powiat grodziski<br>woj. mazowieckie, powiat piaseczy\u0144ski<br>woj. mazowieckie, powiat pruszkowski<br>woj. mazowieckie, powiat warszawski zachodni<\/p>\n\n\n\n<p class=\"has-text-align-center has-light-gray-background-color has-background has-medium-font-size\"><strong>ZG\u0141O\u015a SI\u0118 ON-LINE!<\/strong><\/p>\n\n\n<div class=\"caldera-grid\" id=\"caldera_form_1\" data-cf-ver=\"1.9.7\" data-cf-form-id=\"CF67855b683a6c3\"><div id=\"caldera_notices_1\" data-spinner=\"http:\/\/mojaszansa.7cubes.pl\/wp-admin\/images\/spinner.gif\"><\/div><form data-instance=\"1\" class=\"CF67855b683a6c3 caldera_forms_form cfajax-trigger\" method=\"POST\" enctype=\"multipart\/form-data\" id=\"CF67855b683a6c3_1\" data-form-id=\"CF67855b683a6c3\" aria-label=\"Rekrutacyjny\" data-target=\"#caldera_notices_1\" data-template=\"#cfajax_CF67855b683a6c3-tmpl\" data-cfajax=\"CF67855b683a6c3\" data-load-element=\"_parent\" data-load-class=\"cf_processing\" data-post-disable=\"0\" data-action=\"cf_process_ajax_submit\" data-request=\"http:\/\/mojaszansa.7cubes.pl\/?cf_api=CF67855b683a6c3\" data-hiderows=\"true\">\r\n<input type=\"hidden\" id=\"_cf_verify_CF67855b683a6c3\" name=\"_cf_verify\" value=\"ad537e1922\"  data-nonce-time=\"1776488979\" \/><input type=\"hidden\" name=\"_wp_http_referer\" value=\"\/index.php?rest_route=%2Fwp%2Fv2%2Fpages%2F9\" \/><div id=\"cf2-CF67855b683a6c3_1\"><\/div><input type=\"hidden\" name=\"_cf_frm_id\" value=\"CF67855b683a6c3\">\r\n<input type=\"hidden\" name=\"_cf_frm_ct\" value=\"1\">\r\n<input type=\"hidden\" name=\"cfajax\" value=\"CF67855b683a6c3\">\r\n<input type=\"hidden\" name=\"_cf_cr_pst\" value=\"9\">\r\n<div class=\"hide\" style=\"display:none; overflow:hidden;height:0;width:0;\">\r\n<label>Phone<\/label><input type=\"text\" name=\"phone\" value=\"\" autocomplete=\"off\">\r\n<\/div><div id=\"CF67855b683a6c3_1-row-1\"  class=\"row  first_row\"><div  class=\"col-sm-12  single\"><div class=\"\"><h2>PODAJ DANE OSOBOWE<\/h2>\n<hr>\n<\/div><\/div><\/div><div id=\"CF67855b683a6c3_1-row-2\"  class=\"row \"><div  class=\"col-sm-6  first_col\"><div data-field-wrapper=\"fld_8768091\" class=\"form-group\" id=\"fld_8768091_1-wrap\">\r\n\t<label id=\"fld_8768091Label\" for=\"fld_8768091_1\" class=\"control-label\">Twoje Imi\u0119 <span aria-hidden=\"true\" role=\"presentation\" class=\"field_required\" style=\"color:#ee0000;\">*<\/span><\/label>\r\n\t<div class=\"\">\r\n\t\t<input   required type=\"text\" data-field=\"fld_8768091\" class=\" form-control\" id=\"fld_8768091_1\" name=\"fld_8768091\" value=\"\" data-type=\"text\" aria-required=\"true\"   aria-labelledby=\"fld_8768091Label\" aria-describedby=\"fld_8768091Caption\" >\t\t<span id=\"fld_8768091Caption\" class=\"help-block\">pole wymagane<\/span>\r\n\t<\/div>\r\n<\/div>\r\n<div data-field-wrapper=\"fld_6009157\" class=\"form-group\" id=\"fld_6009157_1-wrap\">\r\n\t<label id=\"fld_6009157Label\" for=\"fld_6009157_1\" class=\"control-label\">Tw\u00f3j adres e-mail <span aria-hidden=\"true\" role=\"presentation\" class=\"field_required\" style=\"color:#ee0000;\">*<\/span><\/label>\r\n\t<div class=\"\">\r\n\t\t<input   required type=\"email\" data-field=\"fld_6009157\" class=\" form-control\" id=\"fld_6009157_1\" name=\"fld_6009157\" value=\"\" data-type=\"email\" aria-required=\"true\"   aria-labelledby=\"fld_6009157Label\" aria-describedby=\"fld_6009157Caption\" >\t\t<span id=\"fld_6009157Caption\" class=\"help-block\">pole wymagane<\/span>\r\n\t<\/div>\r\n<\/div>\r\n<\/div><div  class=\"col-sm-6  last_col\"><div data-field-wrapper=\"fld_5347014\" class=\"form-group\" id=\"fld_5347014_1-wrap\">\r\n\t<label id=\"fld_5347014Label\" for=\"fld_5347014_1\" class=\"control-label\">Twoje Nazwisko <span aria-hidden=\"true\" role=\"presentation\" class=\"field_required\" style=\"color:#ee0000;\">*<\/span><\/label>\r\n\t<div class=\"\">\r\n\t\t<input   required type=\"text\" data-field=\"fld_5347014\" class=\" form-control\" id=\"fld_5347014_1\" name=\"fld_5347014\" value=\"\" data-type=\"text\" aria-required=\"true\"   aria-labelledby=\"fld_5347014Label\" aria-describedby=\"fld_5347014Caption\" >\t\t<span id=\"fld_5347014Caption\" class=\"help-block\">pole wymagane<\/span>\r\n\t<\/div>\r\n<\/div>\r\n<div data-field-wrapper=\"fld_9970286\" class=\"form-group\" id=\"fld_9970286_1-wrap\">\r\n\t<label id=\"fld_9970286Label\" for=\"fld_9970286_1\" class=\"control-label\">Tw\u00f3j nr telefonu <span aria-hidden=\"true\" role=\"presentation\" class=\"field_required\" style=\"color:#ee0000;\">*<\/span><\/label>\r\n\t<div class=\"\">\r\n\t\t<input   required type=\"tel\" data-field=\"fld_9970286\" class=\" form-control\" id=\"fld_9970286_1\" name=\"fld_9970286\" value=\"\" data-type=\"phone_better\" aria-required=\"true\"   aria-labelledby=\"fld_9970286Label\" aria-describedby=\"fld_9970286Caption\" >\t\t<span id=\"fld_9970286Caption\" class=\"help-block\">pole wymagane<\/span>\r\n\t<\/div>\r\n<\/div>\r\n<\/div><\/div><div id=\"CF67855b683a6c3_1-row-3\"  class=\"row \"><div  class=\"col-sm-12  single\"><div class=\"\"><h2>ZA\u0141\u0104CZ DOKUMENTY REKRUTACYJNE<\/h2>\n<hr>\n<\/div><div data-field-wrapper=\"fld_8117371\" class=\"form-group\" id=\"fld_8117371_1-wrap\">\r\n\t<label id=\"fld_8117371Label\" for=\"fld_8117371_1\" class=\"control-label\">Dopuszczalne formaty plik\u00f3w: PDF, DOC <span aria-hidden=\"true\" role=\"presentation\" class=\"field_required\" style=\"color:#ee0000;\">*<\/span><\/label>\r\n\t<div class=\"file-prevent-overflow\">\r\n\t\t<div id=\"fld_8117371_1_file_list\" class=\"cf-multi-uploader-list\"><\/div>\n\t\t\t\t<input type=\"file\" name=\"fld_8117371\" value=\"\" data-field=\"fld_8117371\" class=\"\" id=\"fld_8117371_1\" data-controlid=\"trupl69e3121347897\"   required=\"required\"   aria-labelledby=\"fld_8117371Label\" aria-describedby=\"fld_8117371Caption\">\n\t\t<input type=\"hidden\" name=\"fld_8117371\" value=\"trupl69e3121347897\">\n\t\t<span id=\"fld_8117371Caption\" class=\"help-block\">pole wymagane<\/span>\r\n\t<\/div>\r\n<\/div>\r\n<\/div><\/div><div id=\"CF67855b683a6c3_1-row-4\"  class=\"row \"><div  class=\"col-sm-12  single\"><div class=\"\"><h2>DODATKOWE INFORMACJE<\/h2>\n<hr>\n<\/div><div data-field-wrapper=\"fld_7683514\" class=\"form-group\" id=\"fld_7683514_1-wrap\">\r\n\t<label id=\"fld_7683514Label\" for=\"fld_7683514_1\" class=\"control-label\">Wpisz tre\u015b\u0107 poni\u017cej<\/label>\r\n\t<div class=\"\">\r\n\t\t<textarea name=\"fld_7683514\" value=\"\" data-field=\"fld_7683514\" class=\"form-control\" id=\"fld_7683514_1\" rows=\"7\"    aria-labelledby=\"fld_7683514Label\" aria-describedby=\"fld_7683514Caption\" ><\/textarea>\n\t\t<span id=\"fld_7683514Caption\" class=\"help-block\">pole nieobowi\u0105zkowe<\/span>\r\n\t<\/div>\r\n<\/div>\r\n<\/div><\/div><div id=\"CF67855b683a6c3_1-row-5\"  class=\"row  last_row\"><div  class=\"col-sm-12  single\"><div data-field-wrapper=\"fld_8397664\" class=\"form-group\" id=\"fld_8397664_1-wrap\">\r\n<div class=\"\">\r\n\t<input  class=\"btn btn-default\" type=\"submit\" name=\"fld_8397664\" id=\"fld_8397664_1\" value=\"WYSY\u0141AM ZG\u0141OSZENIE\" data-field=\"fld_8397664\"  >\n<\/div>\r\n<\/div>\r\n\t<input class=\"button_trigger_1\" type=\"hidden\" name=\"fld_8397664\" id=\"fld_8397664_1_btn\" value=\"\" data-field=\"fld_8397664\"  \/>\n<\/div><\/div><\/form>\r\n<\/div>\r\n\n\n\n\n<p><\/p>\n","protected":false},"excerpt":{"rendered":"<p>Rekrutacja Uczestnik\u00f3w\/-czek do projektu prowadzona b\u0119dzie w okresie 01-03.2025, na terenie RWS WM. Rekrutacja b\u0119dzie otwarta, bezpo\u015brednia, jawna, z uwzgl\u0119dnieniem zasady r\u00f3wno\u015bci szans i niedyskryminacji, r\u00f3wno\u015bci szans kobiet i m\u0119\u017cczyzn. Grup\u0119 docelow\u0105 stanowi 40 os\u00f3b (24K\/16M), kt\u00f3re s\u0105 zagro\u017cone ub\u00f3stwem lub wykluczeniem spo\u0142ecznym, pozostaj\u0105ce bez zatrudnienia, w tym osoby bierne zawodowo (12os.) i bezrobotne (28os.,w [&hellip;]<\/p>\n","protected":false},"author":1,"featured_media":0,"parent":0,"menu_order":0,"comment_status":"closed","ping_status":"closed","template":"","meta":{"footnotes":""},"class_list":["post-9","page","type-page","status-publish","hentry"],"_links":{"self":[{"href":"http:\/\/mojaszansa.7cubes.pl\/index.php?rest_route=\/wp\/v2\/pages\/9","targetHints":{"allow":["GET"]}}],"collection":[{"href":"http:\/\/mojaszansa.7cubes.pl\/index.php?rest_route=\/wp\/v2\/pages"}],"about":[{"href":"http:\/\/mojaszansa.7cubes.pl\/index.php?rest_route=\/wp\/v2\/types\/page"}],"author":[{"embeddable":true,"href":"http:\/\/mojaszansa.7cubes.pl\/index.php?rest_route=\/wp\/v2\/users\/1"}],"replies":[{"embeddable":true,"href":"http:\/\/mojaszansa.7cubes.pl\/index.php?rest_route=%2Fwp%2Fv2%2Fcomments&post=9"}],"version-history":[{"count":12,"href":"http:\/\/mojaszansa.7cubes.pl\/index.php?rest_route=\/wp\/v2\/pages\/9\/revisions"}],"predecessor-version":[{"id":80,"href":"http:\/\/mojaszansa.7cubes.pl\/index.php?rest_route=\/wp\/v2\/pages\/9\/revisions\/80"}],"wp:attachment":[{"href":"http:\/\/mojaszansa.7cubes.pl\/index.php?rest_route=%2Fwp%2Fv2%2Fmedia&parent=9"}],"curies":[{"name":"wp","href":"https:\/\/api.w.org\/{rel}","templated":true}]}}